{"id":23,"date":"2021-03-15T18:31:10","date_gmt":"2021-03-15T17:31:10","guid":{"rendered":"http:\/\/new.parafia-janow.pl\/?page_id=23"},"modified":"2021-04-16T12:19:43","modified_gmt":"2021-04-16T10:19:43","slug":"ksieza","status":"publish","type":"page","link":"https:\/\/parafia-janow.pl\/index.php\/ksieza\/","title":{"rendered":"Ksi\u0119\u017ca"},"content":{"rendered":"\t\t<div data-elementor-type=\"wp-page\" data-elementor-id=\"23\" class=\"elementor elementor-23\" data-elementor-post-type=\"page\">\n\t\t\t\t\t\t<section class=\"elementor-section elementor-top-section elementor-element elementor-element-eb8b64d elementor-section-boxed elementor-section-height-default elementor-section-height-default\" data-id=\"eb8b64d\" data-element_type=\"section\" data-e-type=\"section\">\n\t\t\t\t\t\t<div class=\"elementor-container elementor-column-gap-default\">\n\t\t\t\t\t<div class=\"elementor-column elementor-col-33 elementor-top-column elementor-element elementor-element-ebd8644\" data-id=\"ebd8644\" data-element_type=\"column\" data-e-type=\"column\">\n\t\t\t<div class=\"elementor-widget-wrap elementor-element-populated\">\n\t\t\t\t\t\t<div class=\"elementor-element elementor-element-6ac7990 elementor-widget elementor-widget-heading\" data-id=\"6ac7990\" data-element_type=\"widget\" data-e-type=\"widget\" data-widget_type=\"heading.default\">\n\t\t\t\t<div class=\"elementor-widget-container\">\n\t\t\t\t\t<h4 class=\"elementor-heading-title elementor-size-default\">Proboszcz parafii :<\/h4>\t\t\t\t<\/div>\n\t\t\t\t<\/div>\n\t\t\t\t\t<\/div>\n\t\t<\/div>\n\t\t\t\t<div class=\"elementor-column elementor-col-66 elementor-top-column elementor-element elementor-element-6d4e8e4\" data-id=\"6d4e8e4\" data-element_type=\"column\" data-e-type=\"column\">\n\t\t\t<div class=\"elementor-widget-wrap elementor-element-populated\">\n\t\t\t\t\t\t<div class=\"elementor-element elementor-element-072ac75 elementor-widget elementor-widget-text-editor\" data-id=\"072ac75\" data-element_type=\"widget\" data-e-type=\"widget\" data-widget_type=\"text-editor.default\">\n\t\t\t\t<div class=\"elementor-widget-container\">\n\t\t\t\t\t\t\t\t\t<p><strong>ks. Szymon Go\u0142uchowski (2019 &#8211;<\/strong><\/p>\t\t\t\t\t\t\t\t<\/div>\n\t\t\t\t<\/div>\n\t\t\t\t\t<\/div>\n\t\t<\/div>\n\t\t\t\t\t<\/div>\n\t\t<\/section>\n\t\t\t\t<section class=\"elementor-section elementor-top-section elementor-element elementor-element-bf1ffb6 elementor-section-boxed elementor-section-height-default elementor-section-height-default\" data-id=\"bf1ffb6\" data-element_type=\"section\" data-e-type=\"section\">\n\t\t\t\t\t\t<div class=\"elementor-container elementor-column-gap-default\">\n\t\t\t\t\t<div class=\"elementor-column elementor-col-33 elementor-top-column elementor-element elementor-element-6435b38\" data-id=\"6435b38\" data-element_type=\"column\" data-e-type=\"column\">\n\t\t\t<div class=\"elementor-widget-wrap elementor-element-populated\">\n\t\t\t\t\t\t<div class=\"elementor-element elementor-element-0f150ae elementor-widget elementor-widget-heading\" data-id=\"0f150ae\" data-element_type=\"widget\" data-e-type=\"widget\" data-widget_type=\"heading.default\">\n\t\t\t\t<div class=\"elementor-widget-container\">\n\t\t\t\t\t<h4 class=\"elementor-heading-title elementor-size-default\">Proboszczowie dotychczasowi:<\/h4>\t\t\t\t<\/div>\n\t\t\t\t<\/div>\n\t\t\t\t\t<\/div>\n\t\t<\/div>\n\t\t\t\t<div class=\"elementor-column elementor-col-66 elementor-top-column elementor-element elementor-element-2942dd6\" data-id=\"2942dd6\" data-element_type=\"column\" data-e-type=\"column\">\n\t\t\t<div class=\"elementor-widget-wrap elementor-element-populated\">\n\t\t\t\t\t\t<div class=\"elementor-element elementor-element-04aeba1 elementor-widget elementor-widget-text-editor\" data-id=\"04aeba1\" data-element_type=\"widget\" data-e-type=\"widget\" data-widget_type=\"text-editor.default\">\n\t\t\t\t<div class=\"elementor-widget-container\">\n\t\t\t\t\t\t\t\t\t<p>od 1925 r.:<br \/>ks. Jan Massalski (1925-28)<br \/>ks. Antoni Materny (1928-29)<br \/>ks. Leon Kuchta (1929-40)<br \/>ks. Walerian Bylka (VIII-X 1940)<br \/>ks. Antoni Chilomer (1940-45)<br \/>ks. Ignacy Drzazga (1945-49)<br \/>ks. Roman Pietrusi\u0144ski (1949-66)<br \/>ks. Czes\u0142aw Spyrzy\u0144ski (1966-84)\u00a0\u00a0\u00a0\u00a0\u00a0\u00a0\u00a0\u00a0\u00a0\u00a0\u00a0\u00a0\u00a0\u00a0\u00a0\u00a0\u00a0\u00a0\u00a0\u00a0\u00a0\u00a0\u00a0\u00a0\u00a0\u00a0\u00a0\u00a0\u00a0\u00a0\u00a0\u00a0 ks. Stanis\u0142aw Sikora (1984-90)<br \/>ks. Miros\u0142aw Henryk Si\u00f3\u0142ko (1990- 2019)\u00a0\u00a0\u00a0\u00a0\u00a0\u00a0\u00a0\u00a0\u00a0\u00a0\u00a0\u00a0\u00a0\u00a0\u00a0\u00a0\u00a0 <\/p>\t\t\t\t\t\t\t\t<\/div>\n\t\t\t\t<\/div>\n\t\t\t\t\t<\/div>\n\t\t<\/div>\n\t\t\t\t\t<\/div>\n\t\t<\/section>\n\t\t\t\t<section class=\"elementor-section elementor-top-section elementor-element elementor-element-c61db63 elementor-section-boxed elementor-section-height-default elementor-section-height-default\" data-id=\"c61db63\" data-element_type=\"section\" data-e-type=\"section\">\n\t\t\t\t\t\t<div class=\"elementor-container elementor-column-gap-default\">\n\t\t\t\t\t<div class=\"elementor-column elementor-col-33 elementor-top-column elementor-element elementor-element-885c8e9\" data-id=\"885c8e9\" data-element_type=\"column\" data-e-type=\"column\">\n\t\t\t<div class=\"elementor-widget-wrap elementor-element-populated\">\n\t\t\t\t\t\t<div class=\"elementor-element elementor-element-e909d08 elementor-widget elementor-widget-heading\" data-id=\"e909d08\" data-element_type=\"widget\" data-e-type=\"widget\" data-widget_type=\"heading.default\">\n\t\t\t\t<div class=\"elementor-widget-container\">\n\t\t\t\t\t<h4 class=\"elementor-heading-title elementor-size-default\">Z parafii pochodz\u0105:<\/h4>\t\t\t\t<\/div>\n\t\t\t\t<\/div>\n\t\t\t\t\t<\/div>\n\t\t<\/div>\n\t\t\t\t<div class=\"elementor-column elementor-col-66 elementor-top-column elementor-element elementor-element-e20c1e7\" data-id=\"e20c1e7\" data-element_type=\"column\" data-e-type=\"column\">\n\t\t\t<div class=\"elementor-widget-wrap elementor-element-populated\">\n\t\t\t\t\t\t<div class=\"elementor-element elementor-element-86c6428 elementor-widget elementor-widget-text-editor\" data-id=\"86c6428\" data-element_type=\"widget\" data-e-type=\"widget\" data-widget_type=\"text-editor.default\">\n\t\t\t\t<div class=\"elementor-widget-container\">\n\t\t\t\t\t\t\t\t\t<p>ks. Stefan Opiela (1938)<br \/>ks. Czes\u0142aw Ucieklak (1957)<br \/>ks. Stanis\u0142aw \u015awi\u0105tek (1960)<br \/>ks. Eugeniusz Lubiszewski (1965)<br \/>ks. Stanis\u0142aw Mendakiewicz (1972)<\/p>\t\t\t\t\t\t\t\t<\/div>\n\t\t\t\t<\/div>\n\t\t\t\t\t<\/div>\n\t\t<\/div>\n\t\t\t\t\t<\/div>\n\t\t<\/section>\n\t\t\t\t<\/div>\n\t\t","protected":false},"excerpt":{"rendered":"<p>Proboszcz parafii : ks. Szymon Go\u0142uchowski (2019 &#8211; Proboszczowie dotychczasowi: od 1925 r.: ks. Jan Massalski (1925-28) ks. Antoni Materny (1928-29) ks. Leon Kuchta (1929-40) ks. Walerian Bylka (VIII-X 1940) ks. Antoni Chilomer (1940-45) ks. Ignacy Drzazga (1945-49) ks. Roman Pietrusi\u0144ski (1949-66) ks. Czes\u0142aw Spyrzy\u0144ski (1966-84)\u00a0\u00a0\u00a0\u00a0\u00a0\u00a0\u00a0\u00a0\u00a0\u00a0\u00a0\u00a0\u00a0\u00a0\u00a0\u00a0\u00a0\u00a0\u00a0\u00a0\u00a0\u00a0\u00a0\u00a0\u00a0\u00a0\u00a0\u00a0\u00a0\u00a0\u00a0\u00a0 ks. Stanis\u0142aw Sikora (1984-90) ks. Miros\u0142aw Henryk Si\u00f3\u0142ko (1990- &#8230; <span class=\"more\"><a class=\"more-link\" href=\"https:\/\/parafia-janow.pl\/index.php\/ksieza\/\">[Read more&#8230;]<\/a><\/span><\/p>\n","protected":false},"author":4,"featured_media":0,"parent":0,"menu_order":0,"comment_status":"closed","ping_status":"closed","template":"","meta":{"footnotes":""},"class_list":["entry","page","publish","author-kkozik","post-23"],"_links":{"self":[{"href":"https:\/\/parafia-janow.pl\/index.php\/wp-json\/wp\/v2\/pages\/23","targetHints":{"allow":["GET"]}}],"collection":[{"href":"https:\/\/parafia-janow.pl\/index.php\/wp-json\/wp\/v2\/pages"}],"about":[{"href":"https:\/\/parafia-janow.pl\/index.php\/wp-json\/wp\/v2\/types\/page"}],"author":[{"embeddable":true,"href":"https:\/\/parafia-janow.pl\/index.php\/wp-json\/wp\/v2\/users\/4"}],"replies":[{"embeddable":true,"href":"https:\/\/parafia-janow.pl\/index.php\/wp-json\/wp\/v2\/comments?post=23"}],"version-history":[{"count":0,"href":"https:\/\/parafia-janow.pl\/index.php\/wp-json\/wp\/v2\/pages\/23\/revisions"}],"wp:attachment":[{"href":"https:\/\/parafia-janow.pl\/index.php\/wp-json\/wp\/v2\/media?parent=23"}],"curies":[{"name":"wp","href":"https:\/\/api.w.org\/{rel}","templated":true}]}}

Księża

<div data-elementor-type="wp-page" data-elementor-id="23" class="elementor elementor-23" data-elementor-post-type="page">
						<section class="elementor-section elementor-top-section elementor-element elementor-element-eb8b64d elementor-section-boxed elementor-section-height-default elementor-section-height-default" data-id="eb8b64d" data-element_type="section" data-e-type="section">
						<div class="elementor-container elementor-column-gap-default">
					<div class="elementor-column elementor-col-33 elementor-top-column elementor-element elementor-element-ebd8644" data-id="ebd8644" data-element_type="column" data-e-type="column">
			<div class="elementor-widget-wrap elementor-element-populated">
						<div class="elementor-element elementor-element-6ac7990 elementor-widget elementor-widget-heading" data-id="6ac7990" data-element_type="widget" data-e-type="widget" data-widget_type="heading.default">
				<div class="elementor-widget-container">
					<h4 class="elementor-heading-title elementor-size-default">Proboszcz parafii :</h4>				</div>
				</div>
					</div>
		</div>
				<div class="elementor-column elementor-col-66 elementor-top-column elementor-element elementor-element-6d4e8e4" data-id="6d4e8e4" data-element_type="column" data-e-type="column">
			<div class="elementor-widget-wrap elementor-element-populated">
						<div class="elementor-element elementor-element-072ac75 elementor-widget elementor-widget-text-editor" data-id="072ac75" data-element_type="widget" data-e-type="widget" data-widget_type="text-editor.default">
				<div class="elementor-widget-container">
									<p><strong>ks. Szymon Gołuchowski (2019 &#8211;</strong></p>								</div>
				</div>
					</div>
		</div>
					</div>
		</section>
				<section class="elementor-section elementor-top-section elementor-element elementor-element-bf1ffb6 elementor-section-boxed elementor-section-height-default elementor-section-height-default" data-id="bf1ffb6" data-element_type="section" data-e-type="section">
						<div class="elementor-container elementor-column-gap-default">
					<div class="elementor-column elementor-col-33 elementor-top-column elementor-element elementor-element-6435b38" data-id="6435b38" data-element_type="column" data-e-type="column">
			<div class="elementor-widget-wrap elementor-element-populated">
						<div class="elementor-element elementor-element-0f150ae elementor-widget elementor-widget-heading" data-id="0f150ae" data-element_type="widget" data-e-type="widget" data-widget_type="heading.default">
				<div class="elementor-widget-container">
					<h4 class="elementor-heading-title elementor-size-default">Proboszczowie dotychczasowi:</h4>				</div>
				</div>
					</div>
		</div>
				<div class="elementor-column elementor-col-66 elementor-top-column elementor-element elementor-element-2942dd6" data-id="2942dd6" data-element_type="column" data-e-type="column">
			<div class="elementor-widget-wrap elementor-element-populated">
						<div class="elementor-element elementor-element-04aeba1 elementor-widget elementor-widget-text-editor" data-id="04aeba1" data-element_type="widget" data-e-type="widget" data-widget_type="text-editor.default">
				<div class="elementor-widget-container">
									<p>od 1925 r.:<br />ks. Jan Massalski (1925-28)<br />ks. Antoni Materny (1928-29)<br />ks. Leon Kuchta (1929-40)<br />ks. Walerian Bylka (VIII-X 1940)<br />ks. Antoni Chilomer (1940-45)<br />ks. Ignacy Drzazga (1945-49)<br />ks. Roman Pietrusiński (1949-66)<br />ks. Czesław Spyrzyński (1966-84)                                 ks. Stanisław Sikora (1984-90)<br />ks. Mirosław Henryk Siółko (1990- 2019)                  </p>								</div>
				</div>
					</div>
		</div>
					</div>
		</section>
				<section class="elementor-section elementor-top-section elementor-element elementor-element-c61db63 elementor-section-boxed elementor-section-height-default elementor-section-height-default" data-id="c61db63" data-element_type="section" data-e-type="section">
						<div class="elementor-container elementor-column-gap-default">
					<div class="elementor-column elementor-col-33 elementor-top-column elementor-element elementor-element-885c8e9" data-id="885c8e9" data-element_type="column" data-e-type="column">
			<div class="elementor-widget-wrap elementor-element-populated">
						<div class="elementor-element elementor-element-e909d08 elementor-widget elementor-widget-heading" data-id="e909d08" data-element_type="widget" data-e-type="widget" data-widget_type="heading.default">
				<div class="elementor-widget-container">
					<h4 class="elementor-heading-title elementor-size-default">Z parafii pochodzą:</h4>				</div>
				</div>
					</div>
		</div>
				<div class="elementor-column elementor-col-66 elementor-top-column elementor-element elementor-element-e20c1e7" data-id="e20c1e7" data-element_type="column" data-e-type="column">
			<div class="elementor-widget-wrap elementor-element-populated">
						<div class="elementor-element elementor-element-86c6428 elementor-widget elementor-widget-text-editor" data-id="86c6428" data-element_type="widget" data-e-type="widget" data-widget_type="text-editor.default">
				<div class="elementor-widget-container">
									<p>ks. Stefan Opiela (1938)<br />ks. Czesław Ucieklak (1957)<br />ks. Stanisław Świątek (1960)<br />ks. Eugeniusz Lubiszewski (1965)<br />ks. Stanisław Mendakiewicz (1972)</p>								</div>
				</div>
					</div>
		</div>
					</div>
		</section>
				</div>

<p>Proboszcz parafii : ks. Szymon Gołuchowski (2019 &#8211; Proboszczowie dotychczasowi: od 1925 r.: ks. Jan Massalski (1925-28) ks. Antoni Materny (1928-29) ks. Leon Kuchta (1929-40) ks. Walerian Bylka (VIII-X 1940) ks. Antoni Chilomer (1940-45) ks. Ignacy Drzazga (1945-49) ks. Roman Pietrusiński (1949-66) ks. Czesław Spyrzyński (1966-84)                                 ks. Stanisław Sikora (1984-90) ks. Mirosław Henryk Siółko (1990- &#8230; <span class="more"><a class="more-link" href="https://parafia-janow.pl/index.php/ksieza/">[Read more&#8230;]</a></span></p>
